alse
Is 5349 composite?
True
Is 44539 a composite number?
True
Is 50602 composite?
True
Is 90109 a prime number?
False
Is 221447 a prime number?
True
Is 2231 composite?
True
Is 125497 composite?
False
Is 157207 a composite number?
False
Is 740305 composite?
True
Is 41719 composite?
False
Is 1194281 a composite number?
True
Is 887 prime?
True
Is 10913 composite?
True
Is 24573 a prime number?
False
Is 3593 prime?
True
Is 11519 prime?
True
Is 643111 composite?
True
Is 1171 a prime number?
True
Is 214779 prime?
False
Is 1763555 prime?
False
Is 16223 composite?
False
Is 295705 a prime number?
False
Is 947297 prime?
False
Is 19651 composite?
True
Is 6833 a composite number?
False
Is 6999 prime?
False
Is 55469 a composite number?
False
Is 710137 prime?
False
Is 140281 prime?
True
Is 68149 a composite number?
True
Is 50497 composite?
False
Is 16382 a composite number?
True
Is 10211 a prime number?
True
Is 31767 prime?
False
Is 294091 a composite number?
True
Is 4181 composite?
True
Is 364641 prime?
False
Is 39929 composite?
False
Is 93163 composite?
True
Is 211 a prime number?
True
Is 46493 a composite number?
True
Is 1002973 prime?
True
Is 332873 a composite number?
False
Is 207457 prime?
True
Is 2243 a prime number?
True
Is 3151 prime?
False
Is 119549 a composite number?
False
Is 73613 composite?
False
Is 360973 a composite number?
False
Is 605471 prime?
True
Is 42361 a composite number?
True
Is 97 a composite number?
False
Is 151717 composite?
False
Is 4907 prime?
False
Is 160201 a prime number?
True
Is 186521 a composite number?
True
Is 17281 prime?
False
Is 2950223 composite?
False
Is 57073 a prime number?
True
Is 5461 prime?
False
Is 12353 composite?
True
Is 26797 prime?
False
Is 7411 prime?
True
Is 11017 composite?
True
Is 16673 composite?
False
Is 344761 composite?
True
Is 52991 a prime number?
False
Is 15991 a composite number?
False
Is 10079 a prime number?
True
Is 4083 a composite number?
True
Is 3989 prime?
True
Is 278365 prime?
False
Is 25111 a composite number?
False
Is 9742 a prime number?
False
Is 12706 a composite number?
True
Is 10007 a prime number?
True
Is 200919 a composite number?
True
Is 62273 a composite number?
False
Is 30421 a prime number?
False
Is 571939 composite?
False
Is 30947 a prime number?
False
Is 27905 a composite number?
True
Is 1009543 a composite number?
True
Is 118511 prime?
False
Is 753955 a composite number?
True
Is 1415207 prime?
True
Is 10289 prime?
True
Is 3523 a prime number?
False
Is 33457 composite?
False
Is 15503 a composite number?
True
Is 1906797 a prime number?
False
Is 395849 a composite number?
False
Is 20239 composite?
True
Is 126173 composite?
False
Is 15941 a composite number?
True
Is 60859 composite?
False
Is 1332371 composite?
False
Is 15685 a composite number?
True
Is 389099 composite?
False
Is 69959 a composite number?
False
Is 14813 prime?
True
Is 549109 a composite number?
True
Is 9179 prime?
False
Is 251987 a composite number?
True
Is 22943 prime?
True
Is 12097 a prime number?
True
Is 1403239 composite?
False
Is 2802727 prime?
False
Is 212693 composite?
True
Is 40387 composite?
False
Is 132477 a composite number?
True
Is 1069 prime?
True
Is 1188001 prime?
True
Is 15157 composite?
True
Is 5327 a composite number?
True
Is 16319 prime?
True
Is 1070029 a prime number?
False
Is 4037 prime?
False
Is 10793 a composite number?
True
Is 5923 composite?
False
Is 124741 a composite number?
True
Is 3787 composite?
True
Is 30631 composite?
False
Is 7034 composite?
True
Is 1069031 a prime number?
True
Is 164509 a composite number?
True
Is 1815599 composite?
False
Is 13499 a composite number?
False
Is 637027 composite?
True
Is 58013 a prime number?
True
Is 151366 composite?
True
Is 335789 a prime number?
False
Is 841879 a prime number?
True
Is 1954987 prime?
True
Is 8467 a prime number?
True
Is 26153 prime?
True
Is 18749 composite?
False
Is 6701 a composite number?
False
Is 11153 composite?
True
Is 20199 a composite number?
True
Is 71741 prime?
True
Is 647 composite?
False
Is 29599 prime?
True
Is 2233663 a prime number?
False
Is 13963 a prime number?
True
Is 3314 composite?
True
Is 343271 composite?
True
Is 272237 prime?
False
Is 168242 a composite number?
True
Is 2827 a composite number?
True
Is 178927 a composite number?
True
Is 108791 composite?
False
Is 300953 composite?
False
Is 1308955 composite?
True
Is 27041 a composite number?
True
Is 6589 prime?
False
Is 22487 composite?
True
Is 5147 a composite number?
False
Is 8571 a composite number?
True
Is 1458593 composite?
False
Is 34049 composite?
True
Is 43331 a composite number?
False
Is 31957 composite?
False
Is 26651 composite?
True
Is 119921 composite?
False
Is 198427 a prime number?
True
Is 1837181 a prime number?
True
Is 37139 a composite number?
False
Is 4723877 composite?
False
Is 2041041 composite?
True
Is 12813 a composite number?
True
Is 1381 prime?
True
Is 3085 prime?
False
Is 1783 composite?
False
Is 1212239 a composite number?
True
Is 8147 composite?
False
Is 449045 a composite number?
True
Is 10157 composite?
True
Is 10969 prime?
False
Is 106243 a prime number?
True
Is 505469 prime?
True
Is 44755 composite?
True
Is 239433 prime?
False
Is 3711 prime?
False
Is 561263 a prime number?
False
Is 36341 composite?
False
Is 445331 prime?
False
Is 177247 a composite number?
True
Is 6697 a prime number?
False
Is 4297 composite?
False
Is 90757 prime?
False
Is 5227 a prime number?
True
Is 2240629 prime?
True
Is 895 prime?
False
Is 177409 a composite number?
False
Is 179345 prime?
False
Is 979091 prime?
False
Is 279541 a composite number?
False
Is 440579 prime?
True
Is 6163 a prime number?
True
Is 201791 a prime number?
True
Is 921797 a prime number?
False
Is 388403 prime?
True
Is 100753 prime?
False
Is 159899 a prime number?
True
Is 4197 composite?
True
Is 100993 composite?
True
Is 223799 a prime number?
False
Is 231373 prime?
False
Is 17669 prime?
True
Is 67601 a prime number?
True
Is 126773 a composite number?
True
Is 2818 prime?
False
Is 6002905 a composite number?
True
Is 208549 prime?
False
Is 1024663 composite?
False
Is 2626861 composite?
False
Is 661217 prime?
True
Is 2643 a prime number?
False
Is 10801 prime?
False
Is 139003 prime?
False
Is 1064467 a prime number?
True
Is 13343 a prime number?
False
Is 7295 a prime number?
False
Is 23563 a composite number?
False
Is 1349929 a prime number?
False
Is 10883 a prime number?
True
Is 3473 a composite number?
True
Is 1464689 composite?
False
Is 3413 a prime number?
True
Is 68329 a prime number?
True
Is 53957 composite?
True
Is 3264809 composite?
False
Is 150559 a composite number?
False
Is 160273 a composite number?
True
Is 967201 composite?
False
Is 5645 a composite number?
True
Is 2927 a prime number?
True
Is 20649 composite?
True
Is 11099 a prime number?
False
Is 42043 composite?
False
Is 1094407 prime?
True
Is 163203 a composite number?
True
Is 2025841 prime?
False
Is 2235731 prime?
True
Is 2498 prime?
False
Is 407021 a prime number?
False
Is 1479821 prime?
False
Is 31453 prime?
False
Is 633559 prime?
True
Is 75797 a prime number?
True
Is 32689 a prime number?
False
Is 5297 prime?
True
Is 16106 prime?
False
Is 123629 a prime number?
False
Is 2787 a composite number?
True
Is 24839 prime?
False
Is 105217 prime?
False
Is 574186 prime?
False
Is 2309 composite?
False
Is 605309 a composite number?
False
Is 35273 prime?
False
Is 242971 a composite number?
False
Is 2811 a prime number?
False
Is 198143 a composite number?
True
Is 10841 a prime number?
False
Is 330329 a composite number?
False
Is 184183 composite?
True
Is 202051 a prime number?
False
Is 234067 prime?
True
Is 343717 a composite number?
True
Is 16871 composite?
False
Is 238591 a prime number?
True
Is 3959 a composite number?
True
Is 59921 composite?
False
Is 9229 composite?
True
Is 565 a composite number?
True
Is 1541 a composite number?
True
Is 5998 a prime number?
False
Is 72251 a composite number?
False
Is 5779 prime?
True
Is 83131 composite?
True
Is 35933 prime?
True
Is 2183 a prime number?
False
Is 256787 composite?
True
Is 18134 composite?
True
Is 178127 prime?
True
Is 38723 prime?
True
Is 629203 prime?
True
Is 164009 prime?
False
Is 631 composite?
False
Is 285191 a composite number?
False
Is 445403 a prime number?
False
Is 90731